me?
True
Is 448793 composite?
False
Is 66149059 composite?
False
Is 2486807 composite?
True
Is 24791563 composite?
False
Is 16185467 composite?
False
Is 9749099 a composite number?
False
Is 1640773 composite?
False
Is 5569921 a prime number?
False
Is 16273501 a composite number?
False
Is 4358311 a prime number?
True
Is 29629981 prime?
True
Is 169582793 a prime number?
True
Is 10236289 prime?
False
Is 12742993 composite?
False
Is 349574969 composite?
False
Is 5892137 a prime number?
True
Is 115524923 prime?
True
Is 2901839 a prime number?
True
Is 17792161 composite?
False
Is 11992193 prime?
True
Is 65760637 prime?
True
Is 11626721 composite?
False
Is 7748402 a prime number?
False
Is 30966937 composite?
True
Is 1641781 a prime number?
False
Is 6982637 composite?
True
Is 14964503 a composite number?
False
Is 806119 a prime number?
False
Is 16601261 a prime number?
True
Is 1818881 a prime number?
False
Is 7732451 a composite number?
False
Is 677009391 a prime number?
False
Is 6907819 a composite number?
False
Is 2662651 a prime number?
True
Is 6813563 composite?
True
Is 25487867 composite?
False
Is 998897 composite?
False
Is 585787303 composite?
False
Is 325421 a prime number?
True
Is 91741751 a prime number?
False
Is 24049127 prime?
True
Is 18775111 composite?
False
Is 13439039 prime?
False
Is 70354589 a composite number?
True
Is 5834761 a composite number?
True
Is 2051207 a prime number?
False
Is 7588661 composite?
True
Is 13871839 composite?
False
Is 834569 a composite number?
False
Is 9952153 a composite number?
False
Is 15009263 a prime number?
False
Is 124902227 prime?
True
Is 2707503 composite?
True
Is 708109 a composite number?
False
Is 116295299 prime?
True
Is 1145818057 prime?
True
Is 709817 composite?
False
Is 35041973 a composite number?
False
Is 2965895 a prime number?
False
Is 1135159 composite?
False
Is 4613711 a prime number?
True
Is 54720251 a prime number?
True
Is 36595483 prime?
True
Is 352213 composite?
True
Is 52746073 composite?
True
Is 12687295 prime?
False
Is 1364708539 a prime number?
True
Is 162788867 prime?
True
Is 128191579 a prime number?
True
Is 1587911 composite?
True
Is 622183 composite?
True
Is 75479 composite?
False
Is 25877953 a prime number?
True
Is 140007883 a prime number?
True
Is 171162547 prime?
False
Is 9604957 a prime number?
True
Is 21036371 prime?
True
Is 425246231 composite?
False
Is 17335093 composite?
False
Is 30718019 a prime number?
True
Is 11548057 prime?
True
Is 381541555 a composite number?
True
Is 469080373 prime?
True
Is 24554659 a composite number?
True
Is 53502079 composite?
False
Is 1631797 composite?
False
Is 111443383 a composite number?
True
Is 34929121 a composite number?
True
Is 76700629 a prime number?
True
Is 275233526 a prime number?
False
Is 43816231 a composite number?
False
Is 8290517 a prime number?
False
Is 494687009 prime?
False
Is 28301747 a composite number?
False
Is 6905573 composite?
False
Is 3266131 prime?
False
Is 31231019 a composite number?
True
Is 5332237 composite?
True
Is 128428717 a composite number?
False
Is 4832339 a prime number?
True
Is 15232229 a prime number?
True
Is 45888485 prime?
False
Is 14733541 a prime number?
True
Is 237801469 a composite number?
False
Is 2354057 a prime number?
False
Is 8359153 prime?
False
Is 61786579 a prime number?
False
Is 226759763 a composite number?
False
Is 1330207 a prime number?
True
Is 5475937 prime?
True
Is 2494883 a composite number?
False
Is 48647569 a composite number?
False
Is 24903193 composite?
True
Is 987533 a prime number?
True
Is 9676087 a prime number?
True
Is 4483579 prime?
False
Is 3550829 prime?
False
Is 71665687 prime?
True
Is 22576209 composite?
True
Is 12789086 a prime number?
False
Is 269207 composite?
True
Is 10754189 a prime number?
False
Is 4526911 composite?
True
Is 116999 a prime number?
False
Is 72022681 a composite number?
True
Is 44604214 prime?
False
Is 72763 a composite number?
False
Is 51160139 composite?
True
Is 3674947 composite?
False
Is 1745459 prime?
True
Is 1576409 prime?
False
Is 2703973 prime?
True
Is 1404263 composite?
True
Is 14914681 composite?
False
Is 15584051 composite?
True
Is 1060151 composite?
False
Is 562547263 composite?
False
Is 942040097 prime?
False
Is 13133963 composite?
True
Is 22814333 prime?
True
Is 1716991 a composite number?
False
Is 4432513 composite?
False
Is 9216787 prime?
True
Is 1790493 prime?
False
Is 4343519 composite?
False
Is 297082259 a composite number?
True
Is 17256301 a prime number?
False
Is 68600795 a composite number?
True
Is 5769857 a composite number?
False
Is 274404551 a prime number?
True
Is 1626641 composite?
True
Is 177141863 a prime number?
False
Is 2837141 prime?
True
Is 4381667 composite?
False
Is 11596531 a composite number?
True
Is 1617387 composite?
True
Is 260369267 prime?
True
Is 37190281 prime?
False
Is 106031477 composite?
True
Is 5675057 prime?
False
Is 808211 composite?
False
Is 691596641 a prime number?
True
Is 445567193 a composite number?
False
Is 73333229 prime?
False
Is 39059257 composite?
True
Is 434615081 composite?
True
Is 4490831 a prime number?
True
Is 2400833 a composite number?
False
Is 13343845 prime?
False
Is 11158961 a prime number?
False
Is 775237 a composite number?
False
Is 28275353 a prime number?
True
Is 571835507 a composite number?
False
Is 9296486 composite?
True
Is 7005857 a prime number?
False
Is 537793193 composite?
True
Is 39863617 a composite number?
False
Is 5319091 prime?
False
Is 7662029 prime?
True
Is 521891189 a composite number?
True
Is 91488323 a prime number?
True
Is 13687529 a composite number?
False
Is 115041298 a prime number?
False
Is 7859939 a composite number?
True
Is 119827 a composite number?
False
Is 124583047 prime?
True
Is 26565661 a composite number?
True
Is 58657111 a prime number?
False
Is 4581127 a composite number?
True
Is 20358997 a prime number?
False
Is 645391 prime?
False
Is 63518041 a prime number?
False
Is 16925483 prime?
False
Is 11667587 a prime number?
True
Is 1248283 composite?
True
Is 102762391 a composite number?
True
Is 289441 a composite number?
True
Is 21711197 a prime number?
False
Is 14867093 a composite number?
True
Is 1874399 a composite number?
False
Is 11847049 a composite number?
False
Is 82086881 a prime number?
True
Is 394861 a composite number?
False
Is 5616353 composite?
False
Is 22424957 composite?
False
Is 34207219 composite?
False
Is 4912499 prime?
False
Is 4960903 a composite number?
False
Is 2316863 composite?
False
Is 145535905 composite?
True
Is 5831381 prime?
True
Is 1039003 a composite number?
True
Is 44926537 prime?
False
Is 1373993 a composite number?
True
Is 100028667 composite?
True
Is 72508183 a prime number?
False
Is 13574437 composite?
False
Is 134433547 a composite number?
True
Is 64003027 a prime number?
False
Is 127664297 prime?
True
Is 321652099 composite?
False
Is 171859 a composite number?
True
Is 228467 composite?
True
Is 29994773 a composite number?
False
Is 15807833 a composite number?
True
Is 49383571 composite?
True
Is 22224269 a prime number?
True
Is 7957331 a composite number?
True
Is 197249 prime?
False
Is 20720893 a prime number?
True
Is 10406267 a prime number?
True
Is 4927379 prime?
False
Is 5960791 a composite number?
False
Is 17226857 composite?
False
Is 23492263 a prime number?
True
Is 8811059 prime?
True
Is 7277833 prime?
True
Is 483809 a prime number?
True
Is 13817087 prime?
False
Is 7400753 prime?
False
Is 3182219 a composite number?
False
Is 4964231 a composite number?
True
Is 20423197 a prime number?
False
Is 5967659 prime?
False
Is 2937553 a prime number?
True
Is 67924841 a composite number?
True
Is 960851 composite?
True
Is 252200705 a composite number?
True
Is 1365274 prime?
False
Is 233115331 a composite number?
False
Is 3601597 a composite number?
True
Is 158803 a composite number?
False
Is 76832411 a composite number?
False
Is 9443969 prime?
False
Is 918883333 a prime number?
True
Is 16158613 composite?
True
Is 32298151 prime?
False
Is 23311861 composite?
False
Is 3386891 a composite number?
False
Is 9888787 prime?
True
Is 419676247 prime?
True
Is 258956237 a composite number?
True
Is 2427257 prime?
False
Is 18135827 a composite number?
False
Is 56022509 prime?
True
Is 905705 a composite number?
True
Is 3531